*z - 4*w, 5*z - 2*w - j = 0. What is the tens digit of z?
8
Let h = 9407 + -5333. What is the thousands digit of h?
4
Let l = 51462 - 15676. What is the tens digit of l?
8
Suppose 0 = -4*k - 506 + 114. Let p(y) = -5*y - 164. Let v be p(-25). Let n = v - k. What is the units digit of n?
9
Let l be (-76)/(-133) + (-108)/(-7). Suppose l*m = 7*m + 2160. What is the tens digit of m?
4
Suppose -2 = 2*r - 3*r. Suppose -r*s - 2*v = -4 - 2, -19 = -5*s - 4*v. Suppose s*g - 460 = 156. What is the units digit of g?
8
Let k(g) = 2*g**2 - 23*g + 7. Suppose -13*x = 3*x - 192. Let o be k(x). Suppose o = 4*r - 141. What is the units digit of r?
0
Suppose 76 = 4*b - 4*k, 10*k - 15*k = -2*b + 47. Let l(h) = -h**3 + 18*h**2 + 40*h - 52. What is the units digit of l(b)?
0
Let o(z) = 7*z + 35. Let w be o(-4). Suppose -w*k + 1205 = -2*k. What is the units digit of k?
1
Let p = -1640 - -1635. Let r(x) = 4*x**2 + 3*x + 0*x**2 + 5*x + 12. What is the tens digit of r(p)?
7
Let t = 37542 + -11456. What is the tens digit of t?
8
What is the units digit of (27 + -29)/((-8)/29796)?
9
What is the units digit of 1/1 + 766*(-4 - (-55)/2)?
2
Let k(p) = -1 - 3*p**2 + 5*p**3 + 0*p**3 + 5*p + 3*p**3 + 4*p**3. Let n be k(2). Let h = n - -12. What is the hundreds digit of h?
1
Let s be (0 + 1)*0 + 1. Let n(o) be the second derivative of 21*o**4/2 - 130*o + 9. What is the tens digit of n(s)?
2
Let r be 45/((-70)/21 - -3). Suppose -5*t - o = o - 1210, -4*t - 4*o = -968. Let w = r + t. What is the tens digit of w?
0
Let f(x) = -380*x - 51. Let n be f(-4). Let d = -817 + n. What is the units digit of d?
2
Let s(p) = -p**3 + 2 + p**2 - 4 - 10*p + 0*p**3 + 2*p**3. Let t be s(-4). Let d(m) = -m**3 - 8*m**2 + 14*m - 2. What is the tens digit of d(t)?
5
What is the thousands digit of ((-71)/(-284))/(2/46328)?
5
Suppose 3*c = 8523 + 4008. What is the tens digit of c?
7
Let m = -117034 + 174861. What is the units digit of m?
7
Suppose 49*x - 50*x = -2. Suppose -2*j - 3*v = j - 6, -4*j + x*v + 38 = 0. Suppose -3*w + j*w = 16. What is the units digit of w?
4
Suppose -23*d - 611 + 243 = 0. Suppose 89 = -r + 2*w - 5*w, 2*w = 2*r + 170. Let n = d - r. What is the units digit of n?
0
Let b be 7*4/(-14)*(-6 - 1). Suppose b*w - 2958 = 8*w. What is the hundreds digit of w?
4
Suppose -271913 = -5*c + 45967. What is the ten thousands digit of c?
6
Let y be 2/((4/6)/((-20)/(-15))). Suppose -d + 3 = 2*x, 3*x = d + 13 + y. What is the hundreds digit of (-3100)/(-28) + x/14?
1
Suppose -23*a + 478 = -603. Suppose -37969 = -a*y - 6056. What is the hundreds digit of y?
6
Let m = -182 - -176. Let c(s) = -2*s**3 - 11*s**2 - 13*s - 1. What is the units digit of c(m)?
3
Let o be 12/(-39)*156/(-24). Suppose -5*i - 328 = -o*k - i, -i - 482 = -3*k. What is the units digit of k?
0
Let g(y) = y**2 - y + 1. Let i be g(2). Suppose i*l = 79 + 77. Let x = l + -22. What is the units digit of x?
0
Let r be 87/(-2 - (-5)/10). Let y = r + 62. Suppose 3*v + 147 = 2*w + 6, y*v - 332 = -4*w. What is the tens digit of w?
7
Let h be (-2)/(0 + (-5)/35). Suppose -4*w + 44 = -0*w. Let b = h + w. What is the units digit of b?
5
Suppose 3*d = -2*d + 140. Suppose 0 = d*c - 26*c - 1530. Suppose -8*o + c - 157 = 0. What is the units digit of o?
6
Let q(m) = 912*m**2 + 43*m + 103. What is the units digit of q(-6)?
7
Let r be (569*(-3)/6)/(9/(-18)). Suppose -r = -178*c + 177*c. What is the hundreds digit of c?
5
Let f = -73 - -213. Suppose 0 = -j + 2*j - f. What is the hundreds digit of j?
1
Let w(r) = 44*r**2 - 61*r - 152. What is the ten thousands digit of w(22)?
1
Suppose -u - 34 = -99. Suppose -58*i + u*i - 1435 = 0. What is the units digit of i?
5
Let c be 540/40*4/(-6). What is the hundreds digit of (-6356)/c + 40/(-180)?
7
Let c be -3 + -1373*9/(-9). Let l = c - 919. What is the units digit of l?
1
Let u = -7706 - -24792. What is the units digit of u?
6
Suppose -362*s = 8*s - 18303904 - 1293146. What is the units digit of s?
5
Suppose 0 = -15*t + 342634 + 71801. What is the units digit of t?
9
Suppose -4*o - 8 = -0*h - 4*h, 5*h = -5*o - 40. Let t(m) = -20*m**3 - 6*m**2 - 29*m - 6. What is the units digit of t(h)?
7
Let s(v) = -27*v + 92. Let k be 270/(-10) + 2 + (1 - 1). What is the units digit of s(k)?
7
Suppose -1781 - 7594 = -15*x. Let g = x + -382. What is the units digit of g?
3
Let h = 291 - 286. Suppose 0 = -a + h*y + 1261, 58*a = 60*a + 5*y - 2582. What is the thousands digit of a?
1
Let g(w) be the third derivative of -w**6/60 + 19*w**5/60 - 7*w**4/24 - 8*w**3/3 + 18*w**2. Let h be g(9). What is the tens digit of (h + -1)*109 + (41 - 38)?
1
Let a(t) = 52*t**2 - 109*t - 1145. What is the units digit of a(-13)?
0
Let l(i) = 44*i**2 - i + 2. Let g be l(-2). Let u = -63 + g. Suppose 3*r - 4*r - 2*n = -u, 3*n = -2*r + 232. What is the units digit of r?
3
Let s be 8/(-32) + (-215)/4. Let z be -5 - 282/s - (-814)/(-18). Let c = 118 + z. What is the units digit of c?
3
Suppose -30*w + 166*w - 1117755 = -285*w. What is the tens digit of w?
5
Suppose -16*i - 459665 = -1618321. What is the thousands digit of i?
2
Let k = 2911 + -2812. What is the tens digit of k?
9
Suppose 0 = -70*f - 129*f + 134*f + 1297010. What is the thousands digit of f?
9
Suppose -5*k + 16*k - 44 = 0. Suppose 5*u - 2*x = 156, 0 = -3*u + k*x + 72 + 30. What is the tens digit of u?
3
Let m be (2 - (-37788)/30)/((-2)/(-5)). Suppose 3*w = 2*t - m, -4*t - 7*w + 9*w = -6300. What is the hundreds digit of t?
5
Let w be 3/(-1) + 7 + 3. What is the tens digit of (2 + (-7)/w)*510?
1
Let m = -7017 + 38278. What is the ten thousands digit of m?
3
Suppose -136*m = -2*m - 912942. What is the units digit of m?
3
Let n(q) = 29*q**2 + 6*q + 15. Let c be n(10). Let w be (-4)/8 - c/2. What is the units digit of (-6)/(-10) - (w/20 + -3)?
8
Let b be 8324/(-10) + -2 + 126/(-210). Let j = -614 - b. What is the units digit of j?
1
Suppose 90*z - 171644 = 46*z. What is the hundreds digit of z?
9
What is the tens digit of (-26)/65 - (-148)/20 - -2064?
7
Let v(o) = -16*o**3 - 2*o - 1. Let a(z) = z**3 + 6*z**2 - 1. Let h = 26 - 32. Let m be a(h). What is the units digit of v(m)?
7
Let g(j) = -1221*j**3 - 5*j**2 - 8*j - 3. What is the tens digit of g(-1)?
2
Suppose 0 = 18*y - 77511 - 40479. What is the thousands digit of y?
6
Let o = 114691 + -68900. What is the ten thousands digit of o?
4
Suppose 0 = -5*z + y + 68694, 27481 = 2*z + 511*y - 508*y. What is the units digit of z?
9
Suppose 799*b - 16592628 + 6305763 = 41486737. What is the thousands digit of b?
4
Suppose 14*c - 4*c - 1390 = 0. What is the hundreds digit of c?
1
What is the units digit of (7 - 3) + (-63872)/((-8)/1)?
8
Suppose -181 - 467 = -8*k. Suppose -1860 = -3*z + k. What is the units digit of z?
7
Suppose -163 + 35 = k. Let w = -7 - k. What is the units digit of w?
1
Let g = -4462 - -4377. Suppose 4*f + 5*j - 2*j = 943, 2*f - 3*j - 467 = 0. Let u = f + g. What is the tens digit of u?
5
Suppose 7*k = -56 - 7. Let b be (3/k)/(2/(-36)). What is the tens digit of 4392/56 + b/(-14)?
7
Suppose 5*a + 81 = -5*j + 81, 0 = -4*a - 16. Suppose 3*i - 2*i = 5. Suppose 5*w = u + j*u - 645, i*w = -3*u + 411. What is the tens digit of u?
3
Suppose 0 = 56*c - 464314 - 607974. What is the tens digit of c?
4
Let o be 0/2 - 2/1. Let w(y) = 432*y**2 - 2 + 433*y**2 - 27*y**3 - 1299*y**2 + 439*y**2. What is the tens digit of w(o)?
3
Suppose -22*q + 34*q + 66*q = 805272. What is the tens digit of q?
2
Suppose -17*i = -6*i - 22. Let p(k) = 2*k**2 - 5*k + 4. Let o be p(2). Suppose o*v + i*l - 443 = -v, 0 = -4*v + 4*l + 624. What is the tens digit of v?
5
Suppose -13*r + 8*r + 55 = 0. Suppose -2*w + c + r = 0, 4*w - 3*w = 4*c + 23. What is the units digit of (3 - 44/12) + 173/w?
7
Let p(a) = -2*a**3 + 16*a**2 - 2*a + 15. Let l be p(8). Let t be l/(-2) + 56/16. What is the units digit of (1 - t)/(4/(-100))?
5
Suppose 3*g - 246 = 3*l, 0 = g + 3*l - 86 - 16. Let x = -82 + g. What is the tens digit of x - 1 - 0 - -185?
8
Suppose 0 = -5*b + 15, -482 = -8*n + 4*n + 2*b. Suppose -4*r + 4 = 0, r - 3*r = 3*u - n. What is the tens digit of (u + 16/4)*2?
8
Let i be 7 - (-1)/(-4)*8. Suppose 5*b = 5*a - 3515, b + 2809 = -a + i*a. What is the units digit of a?
2
Let c(l) = 40*l + 27. Let a = -575 - -618. What is the thousands digit of c(a)?
1
What is the thousan